/(-20))/((-3)/l).
10
Suppose 11*h = 3*h + 32. Suppose -w = 3*i - 26, 0*w = -w - h*i + 28. What is the remainder when 79 is divided by w?
19
Suppose 3*m + 4 = 5*m. Suppose 0 = 6*i - 7*i - 3, 3*i = 4*z - 157. Calculate the remainder when z is divided by m - 2*-1*4.
7
What is the remainder when -2 + 5 + -5 + 2 + 202 is divided by 17?
15
Suppose 3*i + 3 + 0 = 0. What is the remainder when -5 + (29 - -1)/2 is divided by 1 + 5 - i/(-1)?
0
Let q(n) = -n**2 - 16*n - 10. Let v be q(-15). Suppose -v*w + 4*w = -17. What is the remainder when 29 is divided by w?
12
What is the remainder when 238 is divided by 29 + 365/(-75) + 2/(-15)?
22
Let t = 68 + -26. Let y = -215 - -423. Calculate the remainder when y is divided by t.
40
Suppose 43 = d - u, 5*d - 75 = 3*u + 142. What is the remainder when d is divided by 1/(1/(-2)) + 25?
21
Let r = -239 - -303. What is the remainder when 184 is divided by r?
56
Let u(t) = -15*t + 206. Calculate the remainder when u(5) is divided by 52.
27
Let n(d) = 2*d - 1. Suppose -r - 3*g - 7 = 0, -2 = 4*r + r + 4*g. Calculate the remainder when (-1)/4 + 84/16 is divided by n(r).
2
What is the remainder when (-1 + 27 + 0)*55/110 is divided by 13?
0
Let a = -84 + 437. Calculate the remainder when a is divided by 115.
8
Suppose z - 5*z + 24 = 0. Calculate the remainder when (9 + (-42)/7)*7/((-84)/(-428)) is divided by z.
5
Suppose 6846 = 42*v - 2142. What is the remainder when v is divided by 55?
49
Let r(j) = -18*j**2 + 2*j + 1. Let f be r(-1). Let k = 10 - f. Calculate the remainder when 55 is divided by k.
26
Let f be (-4)/(1 - -1) + 3. Let p be 1 - f - (-2 - -2). Let s(o) = -o + 40. Calculate the remainder when s(p) is divided by 7.
5
Suppose 0 = 28*d + d - 1015. Calculate the remainder when 838 is divided by d.
33
Let q be (-1)/2*1*-2. Let l be (-3)/q - -3 - 0. Suppose l = g - 7 - 1. What is the remainder when 31 is divided by g?
7
Let s be 16/(-20) - 1/5. Let z(m) be the first derivative of -2*m**2 + m - 3. What is the remainder when 9 is divided by z(s)?
4
Let o(p) be the second derivative of 13*p**3/6 + 3*p**2/2 - 24*p. Calculate the remainder when o(8) is divided by 22.
19
Suppose y - 22 = -l - l, 3*l = 5*y - 136. Suppose -d = -4*p + 309, -5*p - 3*d + 5 + 377 = 0. Calculate the remainder when p is divided by y.
25
Suppose 15*h - 562 = 38. Calculate the remainder when 66 is divided by h.
26
Let o = -1035 - -1451. Calculate the remainder when o is divided by 105.
101
Let m(u) = -3*u + 4. What is the remainder when m(-6) is divided by (-140)/(-12)*(-6)/(-7)?
2
Suppose 14 = 2*w - 0*w. Let x = w + 14. Let c = -2 + x. Calculate the remainder when 74 is divided by c.
17
Suppose 897 = 3*r + 20*r. What is the remainder when 193 is divided by r?
37
Let t(q) = -65*q - 9. Calculate the remainder when 163 is divided by t(-1).
51
Suppose -x = -4 - 12. Calculate the remainder when x is divided by 7.
2
Let a be (95/(-76))/(1/(-4)). Suppose -r + 76 = -a*r. What is the remainder when 54 is divided by (-359)/r + (-26)/(-247)?
16
Suppose -244 = 3*w - 4*p, 2*w + 2*w - 4*p + 328 = 0. Let d = 87 + w. Calculate the remainder when 17 is divided by d.
2
Let z = 60 + -54. Let q = 113 + z. What is the remainder when q is divided by 30?
29
Let b(i) = 10*i - 8. Let w be b(-6). Let x = -9 - w. Calculate the remainder when x is divided by 12.
11
Suppose -3*b + 24 = 3*b. Suppose 4*w = x + 2*x + 42, b*w - 30 = -3*x. What is the remainder when 25 is divided by w?
7
Suppose 0 = -138*q + 141*q - 27. What is the remainder when 170 is divided by q?
8
Let a(u) = 15*u - 3. Let w = 5 + -3. Let t = -4 - -18. What is the remainder when a(w) is divided by t?
13
Let d(y) = -y**2 - 3*y + 2. Let h be d(2). Let o = 130 + -84. Calculate the remainder when o is divided by 12/(0 + 3) - h.
10
Let j(w) = -24*w + 83. Calculate the remainder when 43 is divided by j(3).
10
Let c(p) = p - 8. Let n be c(-6). Let v = n + 14. Let l(y) = -3*y + 67. What is the remainder when l(v) is divided by 14?
11
Calculate the remainder when (5/(11 + -1))/((-5)/(-970)) is divided by 11.
9
Let p(l) = l - l**2 + 0*l + 0*l**2 + 4 - 2. Let s be p(2). Let x = 14 - s. What is the remainder when x is divided by 4?
2
Let n(v) = -6*v - 34. Let x be n(-11). Suppose 4*h - x = -4*s, -73 = -5*h + 4*s + 12. Let b(g) = -2*g - 3. Calculate the remainder when h is divided by b(-4).
3
Let r(f) = -7*f - 111. What is the remainder when r(-21) is divided by 8?
4
Let w = -17 - -21. Suppose -w*f + 575 = 3*n + f, -374 = -2*n - f. What is the remainder when n is divided by 47?
44
What is the remainder when (126/(-28))/(5/(-490)) is divided by 87?
6
Let r(n) = n**2 - 10*n + 17. Let s be r(8). Suppose 3*t + 2*f = 39, -2*f - 5 = s. Calculate the remainder when 40 is divided by t.
10
Let k = 50 + -34. Suppose 7*g = 2*g - 2*m + 222, 0 = 2*m + 8. Let x = g - 2. Calculate the remainder when x is divided by k.
12
Suppose 6*v = 2*v + 48. Let j(z) = -15*z + 455. What is the remainder when v is divided by j(30)?
2
Suppose 5*g + 3473 = 3628. What is the remainder when 54 is divided by g?
23
Let k(i) = 10*i**2 + 5*i - 18. Let d be k(-6). Let q = -213 + d. Calculate the remainder when q is divided by 34.
31
Let v(h) = -16 - h + h - 2*h. What is the remainder when v(-17) is divided by 11?
7
Let n = -365 - -386. Calculate the remainder when 28 is divided by n.
7
Let i(d) = -8*d - 7. Let s be i(-7). Suppose 6*a - z = 4*a + s, -10 = 2*z. What is the remainder when (-1 - 16)/(3/(-15)) is divided by a?
19
Let l = -3 - -5. Let r(f) = 4*f**2 + 4*f - 3. Let t be r(l). Suppose 4 = 5*c - t. Calculate the remainder when c is divided by 2.
1
Let p(d) = -19*d - 964. Let w = -6 - -40. What is the remainder when w is divided by p(-51)?
4
Let p(x) = 3*x**2 + 17*x - 7. Let b be p(-6). Calculate the remainder when b/((-6)/18*6/428) is divided by 27.
25
Suppose -4*j - 2 - 2 = b, 20 = -5*b + j. Let n(w) be the second derivative of -5*w**3/3 + w**2 - 33*w. What is the remainder when n(b) is divided by 11?
9
Suppose 5*g + 5*b = -235, -3*g - 2*b = -6*b + 169. Suppose -4*k - 88 - 49 = 3*n, 3*n = k + 38. Let j = k - g. Calculate the remainder when 60 is divided by j.
12
Let u be (38/3)/((-20)/(-30)). Suppose c = -0*c - 2*j + u, 2*j + 11 = c. What is the remainder when 56 is divided by c?
11
Let v(i) = i**3 + 37*i**2 + 33*i - 84. Calculate the remainder when 49 is divided by v(-36).
1
Suppose 0 = -3*l - 63 - 210. Let u = l + 132. Calculate the remainder when u is divided by 15.
11
Suppose h + s = 23, -31 = 2*h - 3*h + 3*s. What is the remainder when h is divided by 12?
1
Let z(v) = -2*v**3 + 4*v**2 + 9*v + 28. What is the remainder when z(-5) is divided by 84?
81
Suppose 3*u + 5*c = 177, -2*u + 0*u + 118 = 5*c. Let d(f) = f**3 + 20. Calculate the remainder when u is divided by d(0).
19
Let f = 318 + -289. What is the remainder when 55 is divided by f?
26
Let n(l) = -1 - 5*l - 3*l + 2*l - 4*l. What is the remainder when n(-7) is divided by 18?
15
Let t(n) = 31*n - 60. What is the remainder when 146 is divided by t(3)?
14
Let w(g) = -6*g - 13. Let m be w(-3). Suppose -m*l + 16 = 1. What is the remainder when 15 is divided by l?
0
Suppose -24*g = 52 - 220. What is the remainder when 48 is divided by g?
6
Let k(c) = 3*c**2 + c + 26. What is the remainder when k(7) is divided by 26?
24
Let y = -56 + 8. Calculate the remainder when (-920)/y + (-1)/6 is divided by 5.
4
Suppose 0*j - 3*z - 35 = -5*j, -3*z - 7 = -j. What is the remainder when 21 is divided by j?
0
Let t be (9/(-15))/((-5)/(-25)). What is the remainder when (-21 + t + 3)/(6/(-8)) is divided by 9?
1
Let o(x) = 3*x**2 - 13*x - 91. Calculate the remainder when o(-10) is divided by 20.
19
Suppose 3*b - 11*a - 24 = -9*a, 3*b = 5*a + 15. Calculate the remainder when 138 is divided by b.
8
Suppose -2*k = -6*k - 12. What is the remainder when k - -15*(0 - -3) is divided by 11 - (3 - 1 - 2)?
9
Suppose -296 = -3*q + 22. Let v(x) = -x + 12. Let p be v(10). Suppose -23 - 31 = -p*d. Calculate the remainder when q is divided by d.
25
Let w(x) = -3*x + 1. Let p(m) = -1. Let l(q) = -p(q) - w(q). Suppose -2*v - 9 = -4*v - 3*h, 0 = v - 2*h - 1. What is the remainder when l(3) is divided by v?
0
Suppose -6*f + 5*f = -17. Suppose 0*k = -k + f. Calculate the remainder when 31 is divided by k.
14
Let v = -156 + 164. What 